 - 4. Suppose p*j = -4*j + 30. Determine z(j).
-4
Let r(b) = b**2 - 3*b + 1. Suppose -2*k = 5*w - 12, 4*w = 3*k - 7*k + 12. Give r(w).
-1
Let f(m) = 17*m**2 - 12*m + 13. Let c(j) = 0 - 4*j**2 + 0 - 3 + 3*j. Let t(k) = -9*c(k) - 2*f(k). Suppose 0 = -4*r - 0*r + 12. What is t(r)?
10
Suppose -43 + 115 = 4*s. Let q(b) = -b**2 + 15*b + 44. Calculate q(s).
-10
Let r be -8 + (-1)/(-3)*3. Let c(y) = y**2 - 31*y + 46*y + 1 - 7*y. Determine c(r).
-6
Let b be 2 + 3*6/(-9). Suppose s + b = -3. Let c(v) be the second derivative of -v**5/20 - v**4/4 - v**3/6 - v**2 - 45*v. Determine c(s).
1
Let a(b) = b**3 - 24*b**2 - 6. Let k be a(24). Let c(y) be the first derivative of -y**2 - 7*y + 1. What is c(k)?
5
Suppose 347*o + 33 = 336*o. Let g(u) = -2. Let t(b) = b - 5. Let m(r) = -9*g(r) + 4*t(r). Calculate m(o).
-14
Let x = 922 + -923. Let p(j) = 23*j**2 + 2*j + 1. Determine p(x).
22
Let t(d) = -13*d - 4. Let z(f) = 7*f + 2. Let k(p) = 6*t(p) + 11*z(p). Calculate k(-5).
3
Let d(b) = b - 3. Let f(i) = -3*i**3 - 3*i - 3. Let z be ((-1)/1)/(-14 + 15). Let u be f(z). Determine d(u).
0
Let f(q) be the first derivative of q**2/2 + 4*q - 26. Determine f(-4).
0
Let b(m) = m**2 + 7*m + 4. Suppose 3*i = -15 + 63. Let a be (-4)/(-12) + i*(-3)/9. Calculate b(a).
-6
Let r(d) be the third derivative of -1/3*d**4 + 2/15*d**5 - 1/120*d**6 + 0*d + 0 - 5*d**2 + 4/3*d**3. Give r(7).
1
Let l(d) = 7*d - 6. Let s(h) = -h. Let n(z) = -l(z) - 5*s(z). Calculate n(6).
-6
Let a(d) = -d**3 - 9*d**2 - 8*d + 11. Suppose -4*c + 13*c + 72 = 0. Determine a(c).
11
Let x(t) = -t**3 + 8*t**2 - 15*t + 7. Suppose -13*u - 260 = -325. Determine x(u).
7
Let n(y) = -y**3 + 9*y**2 + 9*y + 4. Let l(s) = s + 10. Let b be l(4). Let x be ((-40)/14)/(b/(-49)). Determine n(x).
-6
Let l(o) = 4*o**2 + 4*o. Suppose -2*c - c - 9 = -3*m, 3*m - 9 = 2*c. Let g(u) = 7*u**2 + 7*u. Let x(f) = m*g(f) - 5*l(f). Determine x(2).
6
Let f be (-3 - -13)*2/4. Let w(a) = -5*a - 15. Let c(z) = 1. Let l(v) = -2*v - 12. Let d(x) = 5*c(x) + l(x). Let m(r) = 9*d(r) - 4*w(r). Determine m(f).
7
Let p(k) = -2*k**2 + 6*k - 9. Let o(j) = j**2 - 3*j + 4. Let n be (-1 + (2 - 4))*3. Let l = 14 + n. Let r(b) = l*o(b) + 2*p(b). Calculate r(2).
0
Let q(h) = h**3 - 5*h**2 - 7*h - 1. Let b(y) = -y**2 + 2*y + 1. Let p be b(-3). Let j be 4 + (-7)/(p/4). Calculate q(j).
-7
Let n(p) = p**3 - 3*p**2 + p + 2. Suppose 13*t + 36 = 10*t. Let m = t - -15. Calculate n(m).
5
Let y(t) = t. Suppose 6*v = -132 + 72. Calculate y(v).
-10
Suppose -9*h = -15*h + 108. Suppose -h = 10*a + 12. Let l(g) = g**2 + g. Give l(a).
6
Let w(f) = 3*f**2 - 3*f. Suppose 0 = k + k - 4. Suppose 0 = k*n - 2*s - 6, -4 = -3*n - 2*s. What is w(n)?
6
Let i(m) = m**2 + 8*m + 11. Let d be i(-6). Let n(x) = -5*x**2 - 3*x - 5. Let p(g) = -11*g**2 - 7*g - 11. Let z(w) = 13*n(w) - 6*p(w). What is z(d)?
-1
Let l(a) = -7*a**2 + 6*a**2 + 20*a**3 - 13*a**2. Let y(p) = 7*p**3 - 5*p**2. Let f(h) = 6*l(h) - 17*y(h). Determine f(-1).
0
Let y(m) = 6*m**2 - 2*m - 3. Let s(n) = -11*n**2 + 3*n + 5. Let r(v) = -4*s(v) - 7*y(v). Let j be 52*1/6*3. Let x = 24 - j. Give r(x).
5
Let s(n) = -4*n - 22. Let g(z) = -z + 1. Let k(h) = -6*g(h) + s(h). Determine k(12).
-4
Let h be -4 + 5/(-5)*-7. Let c be (h/(-4))/(12/(-96)). Let a(g) = g**2 - 8*g + 6. Give a(c).
-6
Let v(y) = 187*y - 2*y**3 + y**3 - 11*y**2 + 13 + 21*y**2 - 195*y. Give v(9).
22
Let b(p) = -4 + 0 + 16*p - 12*p + 4. Give b(-3).
-12
Let f(l) = 3*l**2 - 28*l - 3. Let a(x) = x**2 - 10*x - 1. Let c(m) = -8*a(m) + 3*f(m). Determine c(5).
4
Let k = 22 + -19. Suppose -5*g + k*g = 2. Let t(v) = v**2 + v + 3. Let q(a) = -a**2 - 1. Let w(u) = g*t(u) - 2*q(u). Give w(0).
-1
Let x(u) = 6*u. Let w be -1 - 8/(16/4). Let o be x(w). Let a = 12 + o. Let m(l) = -l - 6. Give m(a).
0
Suppose -51 + 211 = 5*z. Suppose 3*o + z = -o. Let y be 6/(-48) + (-1)/o. Let v(j) = -j**2 - j + 6. Give v(y).
6
Let v(o) = o**3 - 3*o**2 + 4*o - 3. Let w be (-5)/(-5)*(6 + -2). Let u be w/(-10) - (-67)/5. Suppose -2*t - 2*p - 2 = 0, -5*t + u = -5*p - 12. What is v(t)?
1
Let y(a) = 2*a - 1. Let s = -97 - -100. What is y(s)?
5
Let t(h) = h - 1. Suppose 2*x = 4*v - 44 - 80, 4*v + 2*x = 108. Let o = v - 23. Let f = -7 + o. Calculate t(f).
-2
Let t be (1 - 2)/((-3)/21). Suppose -t*c + 21 = -0*c. Let l(o) = -2*o**2 + o - c*o + 0*o + 2. Calculate l(-3).
-10
Let v be (14/(-3))/(22/33). Let j = v + 17. Suppose 5*s - j*s = -5. Let f(a) = 2*a**2 - a. Give f(s).
1
Let v(q) = -4*q - 1. Let i(g) = -14*g + 18. Let w(r) = i(r) - 3*v(r). Determine w(12).
-3
Let w be (-955)/(-20) + (-9)/12. Let p = w - 41. Let i(y) = 2*y - 9. Calculate i(p).
3
Let p(t) = -t**2 - 3*t + 11. Let s be (16/(-6))/(-4)*(-120)/16. Calculate p(s).
1
Let d(u) = -2*u - 12. Suppose -45 = -186*q + 177*q. Determine d(q).
-22
Let j(m) be the first derivative of -7*m**2/2 + 15*m + 9. Let d(g) = -3*g + 7. Let r(p) = 5*d(p) - 2*j(p). Give r(0).
5
Let u = 19 + -16. Let g(a) = a - u + 3 - 1 + 0. What is g(-6)?
-7
Let w(v) = 5*v**2 + 20*v - 9. Suppose -18 = -2*h - 2. Let d(z) = -2*z**2 - 7*z + 3. Let c(r) = h*d(r) + 3*w(r). Determine c(4).
-3
Let w be (3/(-4))/(2/(-8)). Let u be w/9 + 15/9. Let c(p) = -13*p**2 + p + 2*p**3 - 3*p**3 + 2*p + 12*p**u - 3. Give c(2).
-9
Let t(y) = -289*y**2 - 3*y + 286*y**2 + 2*y. Give t(-2).
-10
Let j(k) = -k**2 - 3*k + 1. Let z(h) = -h + 21. Let i be z(-6). Suppose 25 = i*a - 32*a. What is j(a)?
-9
Let u(n) = -n**3 + n - 1. Let l(p) = p**3 + 12*p**2 - 15*p - 10. Let t be l(-13). Suppose z + 4*i = 3*z - 12, -5*z + 3*i + t = 0. What is u(z)?
-7
Let k(r) be the second derivative of -1/12*r**4 + 3*r**2 - 1/6*r**3 - 7*r + 0. Calculate k(0).
6
Let m(n) be the second derivative of -n**7/2520 + n**6/72 - n**5/30 + n**4/4 - 16*n. Let w(c) be the third derivative of m(c). What is w(9)?
5
Let c = -12 - -1. Let y be (1 - 0)*(-8 - c). Suppose 0 = 4*h + y + 21. Let z(k) = 2*k + 7. Calculate z(h).
-5
Let r(h) = -h**2 + 4*h + 11. Let j(o) = 2*o**2 + 14*o - 10. Let i be j(-8). Give r(i).
-1
Let b(a) be the third derivative of -a**6/120 - a**5/12 + a**4/3 + 4*a**3/3 - 18*a**2. Suppose -12 = u + l, 9*l - 20 = 4*l. Let f = -22 - u. Calculate b(f).
-4
Let c(v) = -v**2 - 2*v + 2. Let r be (-8)/(-16)*-2*25. Let z = 38 + r. Suppose a + 3*o = -o + z, 0 = -5*o + 20. What is c(a)?
-1
Let t(c) be the second derivative of -4/3*c**3 + 0 - 1/12*c**4 + 2*c**2 - 16*c. What is t(-6)?
16
Let v(x) = -x**2 - x. Let t(c) = 6*c**2 + 6*c - 8. Let r(i) = -t(i) - 5*v(i). Determine r(-6).
-22
Suppose 5*g + 5 = 0, -2*l - 2*g - 3*g = -1. Suppose -j = 4*y - l, 5*y = -j + 2*j + 6. Let o(k) = 5*k + 0*k - y + 3*k - 2*k. Calculate o(-1).
-7
Let h(c) = -7*c**3 - 3*c - 2*c**2 + 8*c**3 - 6*c**2 - 10*c + 20*c. Determine h(7).
0
Let c(m) = -3*m - 1. Let o = 32 - 21. Suppose -3*r + 13 = 5*b - 3*b, 2*r - o = b. Calculate c(b).
2
Suppose 5*t + 5*x + 22 = -13, -5*x - 7 = -2*t. Let g(p) = -p**3 - 3*p**2 + 5*p + 6. Let o be g(t). Let h(j) = -3*j + 0 - 2*j**2 + 1 + j**o + 0*j. What is h(-3)?
1
Let j(o) = 6*o**2 + 12*o - 9. Let l(g) = -g**2 - 1. Let r(c) = -j(c) - 5*l(c). Let t be r(-13). Let w(z) = 0*z**2 - 4*z + 3 - t + 3 - z**2. What is w(-6)?
-7
Let v(c) = -40*c**3 - c**2 - 2*c - 1. Suppose -18*j + 20*j = 2*i, -5*j - 5*i = 10. Calculate v(j).
40
Suppose 50*w - 25 = -225. Let t(q) = -2*q**3 - 5*q**2 + 3*q + 1. What is t(w)?
37
Suppose -2*a + 24 = 5*l, 4*a - a + 9 = 0. Let z(u) = 3*u. Determine z(l).
18
Let s(v) = 17*v**3 - v - 1. Let t be (-8)/16*(4 - 2). Determine s(t).
-17
Let a(f) = -6*f - 19. Let k(w) = w**3 - 3*w**2 - 36*w + 17. Let n be k(-5). What is a(n)?
-1
Let o(s) = -s**3 + 4*s**2 - 2*s + 40. Let m be o(5). Let f(p) = p - 8. What is f(m)?
-3
Suppose c - 3*c + 36 = 0. Let u be (2/6)/(2/c). Suppose 0 = b - u*h + 4, -b = 5*h - 1 - 11. Let n(j) = -2*j**3 + 3*j**2 - j. What is n(b)?
-6
Let z(l) be the first derivative of -1/20*l**5 + 1/360*l**6 + 7 + 0*l**2 + 4/3*l**3 + 0*l**4 + 0*l. Let o(j) be the third derivative of z(j). Give o(4).
-8
Let b(y) be the first derivative of y**3/3 + 2*y**2 - 2*y - 1. Suppose 0 = 3*w + 5*r + 34, 3*w - 4*w + 4*r + 17 = 0. Determine b(w).
-5
Let h(t) = t**2 - t. Let d(m) be the first derivative of -2*m**3 + m**2/2 - 2*m - 13. Let c(j) = d(j) + 5*h(j). Calculate c(-3).
1
Let p(i) = i**3 - 3*i**2 - 4*i + 1. Suppose 0 = -35*r + 31*